ivided by 4022.
3
What is the remainder when 82800 is divided by 4340?
340
Calculate the remainder when 71639380 is divided by 412.
408
What is the remainder when 183311 is divided by 314?
249
Calculate the remainder when 34235127 is divided by 2852927.
3
What is the remainder when 118722 is divided by 6595?
12
What is the remainder when 3822615 is divided by 23?
15
What is the remainder when 253976581 is divided by 126988284?
13
What is the remainder when 47322574 is divided by 378?
376
Calculate the remainder when 26403 is divided by 48.
3
Calculate the remainder when 17665991 is divided by 829.
1
Calculate the remainder when 19391511 is divided by 21.
6
What is the remainder when 666013 is divided by 232?
173
Calculate the remainder when 381998 is divided by 121.
1
What is the remainder when 2201396 is divided by 45?
41
What is the remainder when 1132147 is divided by 106?
67
Calculate the remainder when 67378 is divided by 671.
278
What is the remainder when 322366 is divided by 2323?
1792
What is the remainder when 61047073 is divided by 465?
13
Calculate the remainder when 1154720 is divided by 37.
24
Calculate the remainder when 91281 is divided by 22742.
313
What is the remainder when 599849 is divided by 199880?
209
Calculate the remainder when 194415 is divided by 2944.
111
What is the remainder when 193139 is divided by 4089?
956
What is the remainder when 3980301 is divided by 2358?
2355
What is the remainder when 5306122 is divided by 3?
1
Calculate the remainder when 114124 is divided by 6392.
5460
Calculate the remainder when 37871 is divided by 9403.
259
Calculate the remainder when 550650 is divided by 16684.
78
Calculate the remainder when 1935834 is divided by 87886.
2342
Calculate the remainder when 7265983 is divided by 90.
13
What is the remainder when 229231 is divided by 155?
141
What is the remainder when 3368812 is divided by 1122908?
88
What is the remainder when 2163326 is divided by 307?
204
What is the remainder when 1952437 is divided by 1478?
1477
What is the remainder when 577995 is divided by 272?
267
Calculate the remainder when 83472487 is divided by 13720.
7
Calculate the remainder when 1183667 is divided by 31149.
5
Calculate the remainder when 43134185 is divided by 1908.
29
Calculate the remainder when 110783 is divided by 7906.
99
What is the remainder when 36213218 is divided by 12071063?
29
What is the remainder when 2419955 is divided by 806645?
20
Calculate the remainder when 9558083 is divided by 21335.
3
What is the remainder when 1245462 is divided by 29651?
120
Calculate the remainder when 5079138 is divided by 390693.
129
Calculate the remainder when 320425 is divided by 8660.
5
What is the remainder when 7746559 is divided by 29?
21
What is the remainder when 113041 is divided by 1803?
1255
What is the remainder when 576084 is divided by 152?
4
Calculate the remainder when 13237 is divided by 2761.
2193
Calculate the remainder when 11322711 is divided by 33.
15
Calculate the remainder when 5032428 is divided by 162320.
508
Calculate the remainder when 107087 is divided by 10697.
117
What is the remainder when 7800969 is divided by 1593?
48
What is the remainder when 846587 is divided by 6511?
157
Calculate the remainder when 20970666 is divided by 4222.
4214
Calculate the remainder when 19108677 is divided by 7395.
7392
What is the remainder when 334932 is divided by 1876?
1004
What is the remainder when 3718341 is divided by 1859093?
155
What is the remainder when 13019611 is divided by 56?
3
What is the remainder when 15618433 is divided by 264719?
12
What is the remainder when 223476 is divided by 353?
27
What is the remainder when 98482 is divided by 1146?
1072
Calculate the remainder when 1744076 is divided by 36.
20
Calculate the remainder when 29667180 is divided by 17991.
21
What is the remainder when 4634850 is divided by 10704?
18
Calculate the remainder when 15817 is divided by 7816.
185
What is the remainder when 74259 is divided by 14062?
3949
What is the remainder when 1065022 is divided by 13826?
420
Calculate the remainder when 13596255 is divided by 26.
23
Calculate the remainder when 196038 is divided by 1924.
1714
Calculate the remainder when 33694963 is divided by 11500.
11463
Calculate the remainder when 363499 is divided by 1864.
19
Calculate the remainder when 156382 is divided by 1649.
1376
What is the remainder when 138368 is divided by 6769?
2988
What is the remainder when 37454492 is divided by 13?
10
What is the remainder when 1150775 is divided by 1273?
1256
What is the remainder when 25632668 is divided by 1081?
1077
Calculate the remainder when 4636145 is divided by 386345.
5
What is the remainder when 188183 is divided by 385?
303
What is the remainder when 119827 is divided by 427?
267
What is the remainder when 1062775 is divided by 6?
1
Calculate the remainder when 3230970 is divided by 1532.
1514
Calculate the remainder when 20795271 is divided by 5198805.
51
What is the remainder when 326077 is divided by 9?
7
Calculate the remainder when 41120 is divided by 20505.
110
What is the remainder when 23612390 is divided by 10?
0
Calculate the remainder when 37730780 is divided by 392.
388
What is the remainder when 100278163 is divided by 6?
1
What is the remainder when 2937781 is divided by 22591?
951
What is the remainder when 16107568 is divided by 1240?
1208
Calculate the remainder when 68876314 is divided by 39.
13
What is the remainder when 4116463 is divided by 85?
83
Calculate the remainder when 783048 is divided by 1721.
1714
Calculate the remainder when 1273583 is divided by 17.
11
Calculate the remainder when 15363281 is divided by 724.
1
Calculate the remainder when 227181 is divided by 400.
381
Calculate the remainder when 1872334 is divided by 37445.
84
Calculate the remainder when 128299 is divided by 128261.
38
What is the remainder when 663240 is divided by 2196?
48
Calculate the remainder when 286632 is divided by 399.
150
Calculate the remainder when 33068 is divided by 16498.
72
What is the remainder when 1521595 is divided by 760760?
75
Calculate the remainder when 91958 is divided by 22977.
50
Calculate the remainder when 150490 is divided by 75242.
6
Calculate the remainder when 5504874 is divided by 550487.
4
Calculate the remainder when 4156132 is divided by 1839.
1831
Calculate the remainder when 604578 is divided by 999.
183
Calculate the remainder when 564616 is divided by 6565.
26
Calculate the remainder when 10577495 is divided by 271216.
71
Calculate the remainder when 265910 is divided by 26469.
1220
Calculate the remainder when 4522242 is divided by 94213.
18
What is the remainder when 47337 is divided by 94?
55
What is the remainder when 1524224 is divided by 2306?
2264
What is the remainder when 5081575 is divided by 1016315?
0
What is the remainder when 508048896 is divided by 20?
16
Calculate the remainder when 198224660 is divided by 1729.
1726
Calculate the remainder when 170041 is divided by 1090.
1
What is the remainder when 1502315 is divided by 751103?
109
What is the remainder when 7866790 is divided by 1835?
145
What is the remainder when 4795085 is divided by 1833?
1790
Calculate the remainder when 51487 is divided by 991.
946
Calculate the remainder when 639867 is divided by 415.
352
Calculate the remainder when 1774834 is divided by 1306.
1286
What is the remainder when 20129452 is divided by 17?
7
Calculate the remainder when 214628 is divided by 882.
302
What is the remainder when 50134319 is divided by 1114094?
89
Calculate the remainder when 3184757 is divided by 265394.
29
What is the remainder when 5976410 is divided by 68694?
32
What is the remainder when 124034 is divided by 20204?
2810
What is the remainder when 2659138 is divided by 31?
20
What is the remainder when 331210 is divided by 3273?
637
Calculate the remainder when 1815170 is divided by 327.
320
What is the remainder when 11870 is divided by 67?
11
Calculate the remainder when 179800 is divided by 30.
10
Calculate the remainder when 1046143 is divided by 30768.
31
Calculate the remainder when 825793 is divided by 1868.
137
What is the remainder when 301231 is divided by 81?
73
Calculate the remainder when 2497362 is divided by 1135.
362
Cal